{"id":65630,"date":"2024-01-10T11:40:13","date_gmt":"2024-01-10T10:40:13","guid":{"rendered":"https:\/\/www.projecter.de\/?post_type=projecter_member&#038;p=65630"},"modified":"2024-10-29T16:01:31","modified_gmt":"2024-10-29T15:01:31","slug":"silja-klein","status":"publish","type":"projecter_member","link":"https:\/\/www.projecter.de\/en\/agentur\/team\/silja-klein\/","title":{"rendered":"Silja Hefner"},"content":{"rendered":"\n<div class=\"wp-block-media-text alignwide has-media-on-the-right is-stacked-on-mobile\"><div class=\"wp-block-media-text__content\">\n<h1 class=\"wp-block-heading is-style-heading-special has-black-color has-text-color\">Silja Hefner<\/h1>\n\n\n<div class=\"wp-block-projecter-member\"><div class=\"member-position\">Specialist Social Media<\/div><ul class=\"social-icons\"><\/ul><\/div>\n\n\n<p> <a href=\"mailto:silja.klein@projecter.de\">silja.klein@projecter.de<\/a><\/p>\n<\/div><figure class=\"wp-block-media-text__media\"><img decoding=\"async\" width=\"570\" height=\"430\" src=\"https:\/\/www.projecter.de\/wp-content\/uploads\/2024\/04\/PJ-Img_570x430_SiljaKlein.jpg\" alt=\"\" class=\"wp-image-67422 size-full\" srcset=\"https:\/\/www.projecter.de\/wp-content\/uploads\/2024\/04\/PJ-Img_570x430_SiljaKlein.jpg 570w, https:\/\/www.projecter.de\/wp-content\/uploads\/2024\/04\/PJ-Img_570x430_SiljaKlein-370x280.jpg 370w\" sizes=\"(max-width: 570px) 100vw, 570px\" \/><\/figure><\/div>\n\n\n\n<div class=\"wp-block-projecter-spacer\"><\/div>\n\n\n\n<div class=\"wp-block-columns is-layout-flex wp-container-core-columns-is-layout-9d6595d7 wp-block-columns-is-layout-flex\">\n<div class=\"wp-block-column is-layout-flow wp-block-column-is-layout-flow\" style=\"flex-basis:66.66%\">\n<p>Silja unterst\u00fctzt Projecter seit Januar 2024 als Social Media Managerin.<\/p>\n\n\n\n<p>W\u00e4hrend ihres Bachelor- und Masterstudiums der Linguistik sowie Medien- und Kommunikationswissenschaften fand sie sich in verschiedenen Praktika und Nebenjobs in den unterschiedlichen Bereichen der Unternehmenskommunikation und des Marketings wieder.&nbsp;Sie verfiel dem Reiz von Social Media, kehrte nach ihrem Studium nach Leipzig zur\u00fcck und sammelte hier Erfahrung sowohl als Social Media-Managerin als auch in der Unternehmenskommunikation einer Einzelhandelskette. Nun ist sie in ihrer Rolle bei Projecter als Social Media-Beraterin und Projektmanagerin f\u00fcr die Betreuung unserer KundInnen zust\u00e4ndig.<\/p>\n\n\n\n<p>In ihrer Freizeit genie\u00dft sie Spazierg\u00e4nge mit ihrem Dackel oder einen Ausflug in sch\u00f6ne Caf\u00e9s. Beim Backen, Zeichnen, Lesen oder Sport schaltet sie gerne ab, l\u00e4sst sich jedoch auch au\u00dferhalb des B\u00fcros gerne und oft zum Scrollen durch Instagram und TikTok hinrei\u00dfen.<\/p>\n\n\n\n<h3 class=\"wp-block-heading\"><\/h3>\n\n\n\n<p><\/p>\n<\/div>\n\n\n\n<div class=\"wp-block-column is-layout-flow wp-block-column-is-layout-flow\" style=\"flex-basis:33.33%\">\n<h3 class=\"wp-block-heading\"><\/h3>\n\n\n\n<p><\/p>\n<\/div>\n<\/div>\n","protected":false},"excerpt":{"rendered":"<p>Silja unterst\u00fctzt Projecter seit Januar 2024 als Social Media Managerin. W\u00e4hrend ihres Bachelor- und Masterstudiums der Linguistik sowie Medien- und Kommunikationswissenschaften fand sie sich in verschiedenen Praktika und Nebenjobs in [&hellip;]<\/p>\n","protected":false},"featured_media":67422,"template":"","projecter_member_category":[],"class_list":["post-65630","projecter_member","type-projecter_member","status-publish","has-post-thumbnail","hentry"],"acf":[],"yoast_head":"<!-- This site is optimized with the Yoast SEO plugin v26.8 - https:\/\/yoast.com\/product\/yoast-seo-wordpress\/ -->\n<title>Silja Hefner - Projecter<\/title>\n<meta name=\"description\" content=\"\u00dcber 80 Online Marketing Experten arbeiten bei Projecter. Lernen Sie Silja Hefner genauer kennen.\" \/>\n<meta name=\"robots\" content=\"index, follow, max-snippet:-1, max-image-preview:large, max-video-preview:-1\" \/>\n<link rel=\"canonical\" href=\"https:\/\/www.projecter.de\/agentur\/team\/silja-klein\/\" \/>\n<meta property=\"og:locale\" content=\"en_US\" \/>\n<meta property=\"og:type\" content=\"article\" \/>\n<meta property=\"og:title\" content=\"Silja Hefner - Projecter\" \/>\n<meta property=\"og:description\" content=\"\u00dcber 80 Online Marketing Experten arbeiten bei Projecter. Lernen Sie Silja Hefner genauer kennen.\" \/>\n<meta property=\"og:url\" content=\"https:\/\/www.projecter.de\/agentur\/team\/silja-klein\/\" \/>\n<meta property=\"og:site_name\" content=\"Projecter\" \/>\n<meta property=\"article:modified_time\" content=\"2024-10-29T15:01:31+00:00\" \/>\n<meta property=\"og:image\" content=\"https:\/\/www.projecter.de\/wp-content\/uploads\/2024\/04\/PJ-Img_570x430_SiljaKlein.jpg\" \/>\n\t<meta property=\"og:image:width\" content=\"570\" \/>\n\t<meta property=\"og:image:height\" content=\"430\" \/>\n\t<meta property=\"og:image:type\" content=\"image\/jpeg\" \/>\n<meta name=\"twitter:card\" content=\"summary_large_image\" \/>\n<script type=\"application\/ld+json\" class=\"yoast-schema-graph\">{\"@context\":\"https:\/\/schema.org\",\"@graph\":[{\"@type\":\"WebPage\",\"@id\":\"https:\/\/www.projecter.de\/agentur\/team\/silja-klein\/\",\"url\":\"https:\/\/www.projecter.de\/agentur\/team\/silja-klein\/\",\"name\":\"Silja Hefner - Projecter\",\"isPartOf\":{\"@id\":\"https:\/\/www.projecter.de\/#website\"},\"primaryImageOfPage\":{\"@id\":\"https:\/\/www.projecter.de\/agentur\/team\/silja-klein\/#primaryimage\"},\"image\":{\"@id\":\"https:\/\/www.projecter.de\/agentur\/team\/silja-klein\/#primaryimage\"},\"thumbnailUrl\":\"https:\/\/www.projecter.de\/wp-content\/uploads\/2024\/04\/PJ-Img_570x430_SiljaKlein.jpg\",\"datePublished\":\"2024-01-10T10:40:13+00:00\",\"dateModified\":\"2024-10-29T15:01:31+00:00\",\"description\":\"\u00dcber 80 Online Marketing Experten arbeiten bei Projecter. Lernen Sie Silja Hefner genauer kennen.\",\"breadcrumb\":{\"@id\":\"https:\/\/www.projecter.de\/agentur\/team\/silja-klein\/#breadcrumb\"},\"inLanguage\":\"en-US\",\"potentialAction\":[{\"@type\":\"ReadAction\",\"target\":[\"https:\/\/www.projecter.de\/agentur\/team\/silja-klein\/\"]}]},{\"@type\":\"ImageObject\",\"inLanguage\":\"en-US\",\"@id\":\"https:\/\/www.projecter.de\/agentur\/team\/silja-klein\/#primaryimage\",\"url\":\"https:\/\/www.projecter.de\/wp-content\/uploads\/2024\/04\/PJ-Img_570x430_SiljaKlein.jpg\",\"contentUrl\":\"https:\/\/www.projecter.de\/wp-content\/uploads\/2024\/04\/PJ-Img_570x430_SiljaKlein.jpg\",\"width\":570,\"height\":430},{\"@type\":\"BreadcrumbList\",\"@id\":\"https:\/\/www.projecter.de\/agentur\/team\/silja-klein\/#breadcrumb\",\"itemListElement\":[{\"@type\":\"ListItem\",\"position\":1,\"name\":\"Startseite\",\"item\":\"https:\/\/www.projecter.de\/\"},{\"@type\":\"ListItem\",\"position\":2,\"name\":\"Silja Hefner\"}]},{\"@type\":\"WebSite\",\"@id\":\"https:\/\/www.projecter.de\/#website\",\"url\":\"https:\/\/www.projecter.de\/\",\"name\":\"Projecter\",\"description\":\"Online Marketing\",\"publisher\":{\"@id\":\"https:\/\/www.projecter.de\/#organization\"},\"potentialAction\":[{\"@type\":\"SearchAction\",\"target\":{\"@type\":\"EntryPoint\",\"urlTemplate\":\"https:\/\/www.projecter.de\/?s={search_term_string}\"},\"query-input\":{\"@type\":\"PropertyValueSpecification\",\"valueRequired\":true,\"valueName\":\"search_term_string\"}}],\"inLanguage\":\"en-US\"},{\"@type\":\"Organization\",\"@id\":\"https:\/\/www.projecter.de\/#organization\",\"name\":\"Projecter GmbH\",\"url\":\"https:\/\/www.projecter.de\/\",\"logo\":{\"@type\":\"ImageObject\",\"inLanguage\":\"en-US\",\"@id\":\"https:\/\/www.projecter.de\/#\/schema\/logo\/image\/\",\"url\":\"https:\/\/www.projecter.de\/wp-content\/uploads\/2019\/11\/projecter-logo.svg\",\"contentUrl\":\"https:\/\/www.projecter.de\/wp-content\/uploads\/2019\/11\/projecter-logo.svg\",\"caption\":\"Projecter GmbH\"},\"image\":{\"@id\":\"https:\/\/www.projecter.de\/#\/schema\/logo\/image\/\"}}]}<\/script>\n<!-- \/ Yoast SEO plugin. -->","yoast_head_json":{"title":"Silja Hefner - Projecter","description":"\u00dcber 80 Online Marketing Experten arbeiten bei Projecter. Lernen Sie Silja Hefner genauer kennen.","robots":{"index":"index","follow":"follow","max-snippet":"max-snippet:-1","max-image-preview":"max-image-preview:large","max-video-preview":"max-video-preview:-1"},"canonical":"https:\/\/www.projecter.de\/agentur\/team\/silja-klein\/","og_locale":"en_US","og_type":"article","og_title":"Silja Hefner - Projecter","og_description":"\u00dcber 80 Online Marketing Experten arbeiten bei Projecter. Lernen Sie Silja Hefner genauer kennen.","og_url":"https:\/\/www.projecter.de\/agentur\/team\/silja-klein\/","og_site_name":"Projecter","article_modified_time":"2024-10-29T15:01:31+00:00","og_image":[{"width":570,"height":430,"url":"https:\/\/www.projecter.de\/wp-content\/uploads\/2024\/04\/PJ-Img_570x430_SiljaKlein.jpg","type":"image\/jpeg"}],"twitter_card":"summary_large_image","schema":{"@context":"https:\/\/schema.org","@graph":[{"@type":"WebPage","@id":"https:\/\/www.projecter.de\/agentur\/team\/silja-klein\/","url":"https:\/\/www.projecter.de\/agentur\/team\/silja-klein\/","name":"Silja Hefner - Projecter","isPartOf":{"@id":"https:\/\/www.projecter.de\/#website"},"primaryImageOfPage":{"@id":"https:\/\/www.projecter.de\/agentur\/team\/silja-klein\/#primaryimage"},"image":{"@id":"https:\/\/www.projecter.de\/agentur\/team\/silja-klein\/#primaryimage"},"thumbnailUrl":"https:\/\/www.projecter.de\/wp-content\/uploads\/2024\/04\/PJ-Img_570x430_SiljaKlein.jpg","datePublished":"2024-01-10T10:40:13+00:00","dateModified":"2024-10-29T15:01:31+00:00","description":"\u00dcber 80 Online Marketing Experten arbeiten bei Projecter. Lernen Sie Silja Hefner genauer kennen.","breadcrumb":{"@id":"https:\/\/www.projecter.de\/agentur\/team\/silja-klein\/#breadcrumb"},"inLanguage":"en-US","potentialAction":[{"@type":"ReadAction","target":["https:\/\/www.projecter.de\/agentur\/team\/silja-klein\/"]}]},{"@type":"ImageObject","inLanguage":"en-US","@id":"https:\/\/www.projecter.de\/agentur\/team\/silja-klein\/#primaryimage","url":"https:\/\/www.projecter.de\/wp-content\/uploads\/2024\/04\/PJ-Img_570x430_SiljaKlein.jpg","contentUrl":"https:\/\/www.projecter.de\/wp-content\/uploads\/2024\/04\/PJ-Img_570x430_SiljaKlein.jpg","width":570,"height":430},{"@type":"BreadcrumbList","@id":"https:\/\/www.projecter.de\/agentur\/team\/silja-klein\/#breadcrumb","itemListElement":[{"@type":"ListItem","position":1,"name":"Startseite","item":"https:\/\/www.projecter.de\/"},{"@type":"ListItem","position":2,"name":"Silja Hefner"}]},{"@type":"WebSite","@id":"https:\/\/www.projecter.de\/#website","url":"https:\/\/www.projecter.de\/","name":"Projecter","description":"Online Marketing","publisher":{"@id":"https:\/\/www.projecter.de\/#organization"},"potentialAction":[{"@type":"SearchAction","target":{"@type":"EntryPoint","urlTemplate":"https:\/\/www.projecter.de\/?s={search_term_string}"},"query-input":{"@type":"PropertyValueSpecification","valueRequired":true,"valueName":"search_term_string"}}],"inLanguage":"en-US"},{"@type":"Organization","@id":"https:\/\/www.projecter.de\/#organization","name":"Projecter GmbH","url":"https:\/\/www.projecter.de\/","logo":{"@type":"ImageObject","inLanguage":"en-US","@id":"https:\/\/www.projecter.de\/#\/schema\/logo\/image\/","url":"https:\/\/www.projecter.de\/wp-content\/uploads\/2019\/11\/projecter-logo.svg","contentUrl":"https:\/\/www.projecter.de\/wp-content\/uploads\/2019\/11\/projecter-logo.svg","caption":"Projecter GmbH"},"image":{"@id":"https:\/\/www.projecter.de\/#\/schema\/logo\/image\/"}}]}},"_links":{"self":[{"href":"https:\/\/www.projecter.de\/en\/wp-json\/wp\/v2\/projecter_member\/65630","targetHints":{"allow":["GET"]}}],"collection":[{"href":"https:\/\/www.projecter.de\/en\/wp-json\/wp\/v2\/projecter_member"}],"about":[{"href":"https:\/\/www.projecter.de\/en\/wp-json\/wp\/v2\/types\/projecter_member"}],"wp:featuredmedia":[{"embeddable":true,"href":"https:\/\/www.projecter.de\/en\/wp-json\/wp\/v2\/media\/67422"}],"wp:attachment":[{"href":"https:\/\/www.projecter.de\/en\/wp-json\/wp\/v2\/media?parent=65630"}],"wp:term":[{"taxonomy":"projecter_member_category","embeddable":true,"href":"https:\/\/www.projecter.de\/en\/wp-json\/wp\/v2\/projecter_member_category?post=65630"}],"curies":[{"name":"wp","href":"https:\/\/api.w.org\/{rel}","templated":true}]}}

<div class="wp-block-media-text alignwide has-media-on-the-right is-stacked-on-mobile"><div class="wp-block-media-text__content">
<h1 class="wp-block-heading is-style-heading-special has-black-color has-text-color">Silja Hefner</h1>


<div class="wp-block-projecter-member"><div class="member-position">Specialist Social Media</div><ul class="social-icons"></ul></div>


<p> <a href="mailto:silja.klein@projecter.de">silja.klein@projecter.de</a></p>
</div><figure class="wp-block-media-text__media"><img decoding="async" width="570" height="430" src="https://www.projecter.de/wp-content/uploads/2024/04/PJ-Img_570x430_SiljaKlein.jpg" alt="" class="wp-image-67422 size-full" srcset="https://www.projecter.de/wp-content/uploads/2024/04/PJ-Img_570x430_SiljaKlein.jpg 570w, https://www.projecter.de/wp-content/uploads/2024/04/PJ-Img_570x430_SiljaKlein-370x280.jpg 370w" sizes="(max-width: 570px) 100vw, 570px" /></figure></div>



<div class="wp-block-projecter-spacer"></div>



<div class="wp-block-columns is-layout-flex wp-container-core-columns-is-layout-9d6595d7 wp-block-columns-is-layout-flex">
<div class="wp-block-column is-layout-flow wp-block-column-is-layout-flow" style="flex-basis:66.66%">
<p>Silja unterstützt Projecter seit Januar 2024 als Social Media Managerin.</p>



<p>Während ihres Bachelor- und Masterstudiums der Linguistik sowie Medien- und Kommunikationswissenschaften fand sie sich in verschiedenen Praktika und Nebenjobs in den unterschiedlichen Bereichen der Unternehmenskommunikation und des Marketings wieder.&nbsp;Sie verfiel dem Reiz von Social Media, kehrte nach ihrem Studium nach Leipzig zurück und sammelte hier Erfahrung sowohl als Social Media-Managerin als auch in der Unternehmenskommunikation einer Einzelhandelskette. Nun ist sie in ihrer Rolle bei Projecter als Social Media-Beraterin und Projektmanagerin für die Betreuung unserer KundInnen zuständig.</p>



<p>In ihrer Freizeit genießt sie Spaziergänge mit ihrem Dackel oder einen Ausflug in schöne Cafés. Beim Backen, Zeichnen, Lesen oder Sport schaltet sie gerne ab, lässt sich jedoch auch außerhalb des Büros gerne und oft zum Scrollen durch Instagram und TikTok hinreißen.</p>



<h3 class="wp-block-heading"></h3>



<p></p>
</div>



<div class="wp-block-column is-layout-flow wp-block-column-is-layout-flow" style="flex-basis:33.33%">
<h3 class="wp-block-heading"></h3>



<p></p>
</div>
</div>

<p>Silja unterstützt Projecter seit Januar 2024 als Social Media Managerin. Während ihres Bachelor- und Masterstudiums der Linguistik sowie Medien- und Kommunikationswissenschaften fand sie sich in verschiedenen Praktika und Nebenjobs in [&hellip;]</p>

<!-- This site is optimized with the Yoast SEO plugin v26.8 - https://yoast.com/product/yoast-seo-wordpress/ -->
<title>Silja Hefner - Projecter</title>
<meta name="description" content="Über 80 Online Marketing Experten arbeiten bei Projecter. Lernen Sie Silja Hefner genauer kennen." />
<meta name="robots" content="index, follow, max-snippet:-1, max-image-preview:large, max-video-preview:-1" />
<link rel="canonical" href="https://www.projecter.de/agentur/team/silja-klein/" />
<meta property="og:locale" content="en_US" />
<meta property="og:type" content="article" />
<meta property="og:title" content="Silja Hefner - Projecter" />
<meta property="og:description" content="Über 80 Online Marketing Experten arbeiten bei Projecter. Lernen Sie Silja Hefner genauer kennen." />
<meta property="og:url" content="https://www.projecter.de/agentur/team/silja-klein/" />
<meta property="og:site_name" content="Projecter" />
<meta property="article:modified_time" content="2024-10-29T15:01:31+00:00" />
<meta property="og:image" content="https://www.projecter.de/wp-content/uploads/2024/04/PJ-Img_570x430_SiljaKlein.jpg" />
	<meta property="og:image:width" content="570" />
	<meta property="og:image:height" content="430" />
	<meta property="og:image:type" content="image/jpeg" />
<meta name="twitter:card" content="summary_large_image" />
<script type="application/ld+json" class="yoast-schema-graph">{"@context":"https://schema.org","@graph":[{"@type":"WebPage","@id":"https://www.projecter.de/agentur/team/silja-klein/","url":"https://www.projecter.de/agentur/team/silja-klein/","name":"Silja Hefner - Projecter","isPartOf":{"@id":"https://www.projecter.de/#website"},"primaryImageOfPage":{"@id":"https://www.projecter.de/agentur/team/silja-klein/#primaryimage"},"image":{"@id":"https://www.projecter.de/agentur/team/silja-klein/#primaryimage"},"thumbnailUrl":"https://www.projecter.de/wp-content/uploads/2024/04/PJ-Img_570x430_SiljaKlein.jpg","datePublished":"2024-01-10T10:40:13+00:00","dateModified":"2024-10-29T15:01:31+00:00","description":"Über 80 Online Marketing Experten arbeiten bei Projecter. Lernen Sie Silja Hefner genauer kennen.","breadcrumb":{"@id":"https://www.projecter.de/agentur/team/silja-klein/#breadcrumb"},"inLanguage":"en-US","potentialAction":[{"@type":"ReadAction","target":["https://www.projecter.de/agentur/team/silja-klein/"]}]},{"@type":"ImageObject","inLanguage":"en-US","@id":"https://www.projecter.de/agentur/team/silja-klein/#primaryimage","url":"https://www.projecter.de/wp-content/uploads/2024/04/PJ-Img_570x430_SiljaKlein.jpg","contentUrl":"https://www.projecter.de/wp-content/uploads/2024/04/PJ-Img_570x430_SiljaKlein.jpg","width":570,"height":430},{"@type":"BreadcrumbList","@id":"https://www.projecter.de/agentur/team/silja-klein/#breadcrumb","itemListElement":[{"@type":"ListItem","position":1,"name":"Startseite","item":"https://www.projecter.de/"},{"@type":"ListItem","position":2,"name":"Silja Hefner"}]},{"@type":"WebSite","@id":"https://www.projecter.de/#website","url":"https://www.projecter.de/","name":"Projecter","description":"Online Marketing","publisher":{"@id":"https://www.projecter.de/#organization"},"potentialAction":[{"@type":"SearchAction","target":{"@type":"EntryPoint","urlTemplate":"https://www.projecter.de/?s={search_term_string}"},"query-input":{"@type":"PropertyValueSpecification","valueRequired":true,"valueName":"search_term_string"}}],"inLanguage":"en-US"},{"@type":"Organization","@id":"https://www.projecter.de/#organization","name":"Projecter GmbH","url":"https://www.projecter.de/","logo":{"@type":"ImageObject","inLanguage":"en-US","@id":"https://www.projecter.de/#/schema/logo/image/","url":"https://www.projecter.de/wp-content/uploads/2019/11/projecter-logo.svg","contentUrl":"https://www.projecter.de/wp-content/uploads/2019/11/projecter-logo.svg","caption":"Projecter GmbH"},"image":{"@id":"https://www.projecter.de/#/schema/logo/image/"}}]}</script>
<!-- / Yoast SEO plugin. -->

Über 80 Online Marketing Experten arbeiten bei Projecter. Lernen Sie Silja Hefner genauer kennen.
