{"id":78642,"date":"2025-09-30T09:48:48","date_gmt":"2025-09-30T07:48:48","guid":{"rendered":"https:\/\/www.projecter.de\/?post_type=projecter_member&#038;p=78642"},"modified":"2026-02-10T09:14:27","modified_gmt":"2026-02-10T08:14:27","slug":"anna-walk","status":"publish","type":"projecter_member","link":"https:\/\/www.projecter.de\/en\/agentur\/team\/anna-walk\/","title":{"rendered":"Anna Walk"},"content":{"rendered":"\n<div class=\"wp-block-media-text alignfull has-media-on-the-right is-stacked-on-mobile\" style=\"grid-template-columns:auto 39%\"><div class=\"wp-block-media-text__content\">\n<h1 class=\"wp-block-heading is-style-heading-special has-black-color has-text-color\">Anna Walk<\/h1>\n\n\n<div class=\"wp-block-projecter-member\"><div class=\"member-position\">Praktikantin Social Media<\/div><ul class=\"social-icons\"><\/ul><\/div>\n\n\n<p> <a href=\"mailto:anna.walk@projecter.de\">anna.walk@projecter.de<\/a><\/p>\n<\/div><figure class=\"wp-block-media-text__media\"><img decoding=\"async\" width=\"370\" height=\"280\" src=\"https:\/\/www.projecter.de\/wp-content\/uploads\/2020\/08\/ph-team-w.png\" alt=\"\" class=\"wp-image-46381 size-full\"\/><\/figure><\/div>\n\n\n\n<div class=\"wp-block-projecter-spacer\"><\/div>\n\n\n\n<div class=\"wp-block-columns is-layout-flex wp-container-core-columns-is-layout-9d6595d7 wp-block-columns-is-layout-flex\">\n<div class=\"wp-block-column is-layout-flow wp-block-column-is-layout-flow\" style=\"flex-basis:66.66%\">\n<p>Anna ist seit September 2025 als Praktikantin im Content &amp; Creative Team bei Projecter an Bord und unterst\u00fctzt vor allem im Bereich Social Media.<\/p>\n\n\n\n<p>Die Medientechnik-Studentin bringt bereits n\u00fctzliche Erfahrung mit: Schon w\u00e4hrend ihres Studiums betreute sie Kund*innen auf Social Media, erstellte Grafiken, schnitt Videos, schrieb Texte und war f\u00fcr Planung, sowie Konzeptentwicklung zust\u00e4ndig. Struktur und Organisation liegen ihr ebenso am Herzen wie der direkte Austausch mit Kolleg*innen und Kund*innen. Am liebsten setzt sie frische Ideen sofort in die Tat um.<\/p>\n\n\n\n<p>In ihrer Freizeit findet man Anna drau\u00dfen unterwegs mit ihrem ausgebauten Bus \u201eElke\u201c, beim Sport oder beim Kochen. Musik l\u00e4uft dabei eigentlich immer. Am meisten genie\u00dft sie Quality Time mit ihren Freund*innen, besonders, wenn es auch noch gemeinsam \u00fcber den Flohmarkt geht.<\/p>\n\n\n\n<p><\/p>\n\n\n\n<p><\/p>\n<\/div>\n\n\n\n<div class=\"wp-block-column is-layout-flow wp-block-column-is-layout-flow\" style=\"flex-basis:33.33%\"><\/div>\n<\/div>\n\n\n\n<p><\/p>\n","protected":false},"excerpt":{"rendered":"<p>Anna ist seit September 2025 als Praktikantin im Content &amp; Creative Team bei Projecter an Bord und unterst\u00fctzt vor allem im Bereich Social Media. Die Medientechnik-Studentin bringt bereits n\u00fctzliche Erfahrung [&hellip;]<\/p>\n","protected":false},"featured_media":78646,"template":"","projecter_member_category":[],"class_list":["post-78642","projecter_member","type-projecter_member","status-publish","has-post-thumbnail","hentry"],"acf":[],"yoast_head":"<!-- This site is optimized with the Yoast SEO plugin v26.8 - https:\/\/yoast.com\/product\/yoast-seo-wordpress\/ -->\n<title>Anna Walk - Projecter<\/title>\n<meta name=\"description\" content=\"\u00dcber 80 Online Marketing Experten arbeiten bei Projecter. Lernen Sie Anna Walk genauer kennen.\" \/>\n<meta name=\"robots\" content=\"index, follow, max-snippet:-1, max-image-preview:large, max-video-preview:-1\" \/>\n<link rel=\"canonical\" href=\"https:\/\/www.projecter.de\/agentur\/team\/anna-walk\/\" \/>\n<meta property=\"og:locale\" content=\"en_US\" \/>\n<meta property=\"og:type\" content=\"article\" \/>\n<meta property=\"og:title\" content=\"Anna Walk - Projecter\" \/>\n<meta property=\"og:description\" content=\"\u00dcber 80 Online Marketing Experten arbeiten bei Projecter. Lernen Sie Anna Walk genauer kennen.\" \/>\n<meta property=\"og:url\" content=\"https:\/\/www.projecter.de\/agentur\/team\/anna-walk\/\" \/>\n<meta property=\"og:site_name\" content=\"Projecter\" \/>\n<meta property=\"article:modified_time\" content=\"2026-02-10T08:14:27+00:00\" \/>\n<meta property=\"og:image\" content=\"https:\/\/www.projecter.de\/wp-content\/uploads\/2025\/09\/image-18.png\" \/>\n\t<meta property=\"og:image:width\" content=\"698\" \/>\n\t<meta property=\"og:image:height\" content=\"634\" \/>\n\t<meta property=\"og:image:type\" content=\"image\/png\" \/>\n<meta name=\"twitter:card\" content=\"summary_large_image\" \/>\n<script type=\"application\/ld+json\" class=\"yoast-schema-graph\">{\"@context\":\"https:\/\/schema.org\",\"@graph\":[{\"@type\":\"WebPage\",\"@id\":\"https:\/\/www.projecter.de\/agentur\/team\/anna-walk\/\",\"url\":\"https:\/\/www.projecter.de\/agentur\/team\/anna-walk\/\",\"name\":\"Anna Walk - Projecter\",\"isPartOf\":{\"@id\":\"https:\/\/www.projecter.de\/#website\"},\"primaryImageOfPage\":{\"@id\":\"https:\/\/www.projecter.de\/agentur\/team\/anna-walk\/#primaryimage\"},\"image\":{\"@id\":\"https:\/\/www.projecter.de\/agentur\/team\/anna-walk\/#primaryimage\"},\"thumbnailUrl\":\"https:\/\/www.projecter.de\/wp-content\/uploads\/2025\/09\/image-18.png\",\"datePublished\":\"2025-09-30T07:48:48+00:00\",\"dateModified\":\"2026-02-10T08:14:27+00:00\",\"description\":\"\u00dcber 80 Online Marketing Experten arbeiten bei Projecter. Lernen Sie Anna Walk genauer kennen.\",\"breadcrumb\":{\"@id\":\"https:\/\/www.projecter.de\/agentur\/team\/anna-walk\/#breadcrumb\"},\"inLanguage\":\"en-US\",\"potentialAction\":[{\"@type\":\"ReadAction\",\"target\":[\"https:\/\/www.projecter.de\/agentur\/team\/anna-walk\/\"]}]},{\"@type\":\"ImageObject\",\"inLanguage\":\"en-US\",\"@id\":\"https:\/\/www.projecter.de\/agentur\/team\/anna-walk\/#primaryimage\",\"url\":\"https:\/\/www.projecter.de\/wp-content\/uploads\/2025\/09\/image-18.png\",\"contentUrl\":\"https:\/\/www.projecter.de\/wp-content\/uploads\/2025\/09\/image-18.png\",\"width\":698,\"height\":634},{\"@type\":\"BreadcrumbList\",\"@id\":\"https:\/\/www.projecter.de\/agentur\/team\/anna-walk\/#breadcrumb\",\"itemListElement\":[{\"@type\":\"ListItem\",\"position\":1,\"name\":\"Startseite\",\"item\":\"https:\/\/www.projecter.de\/\"},{\"@type\":\"ListItem\",\"position\":2,\"name\":\"Anna Walk\"}]},{\"@type\":\"WebSite\",\"@id\":\"https:\/\/www.projecter.de\/#website\",\"url\":\"https:\/\/www.projecter.de\/\",\"name\":\"Projecter\",\"description\":\"Online Marketing\",\"publisher\":{\"@id\":\"https:\/\/www.projecter.de\/#organization\"},\"potentialAction\":[{\"@type\":\"SearchAction\",\"target\":{\"@type\":\"EntryPoint\",\"urlTemplate\":\"https:\/\/www.projecter.de\/?s={search_term_string}\"},\"query-input\":{\"@type\":\"PropertyValueSpecification\",\"valueRequired\":true,\"valueName\":\"search_term_string\"}}],\"inLanguage\":\"en-US\"},{\"@type\":\"Organization\",\"@id\":\"https:\/\/www.projecter.de\/#organization\",\"name\":\"Projecter GmbH\",\"url\":\"https:\/\/www.projecter.de\/\",\"logo\":{\"@type\":\"ImageObject\",\"inLanguage\":\"en-US\",\"@id\":\"https:\/\/www.projecter.de\/#\/schema\/logo\/image\/\",\"url\":\"https:\/\/www.projecter.de\/wp-content\/uploads\/2019\/11\/projecter-logo.svg\",\"contentUrl\":\"https:\/\/www.projecter.de\/wp-content\/uploads\/2019\/11\/projecter-logo.svg\",\"caption\":\"Projecter GmbH\"},\"image\":{\"@id\":\"https:\/\/www.projecter.de\/#\/schema\/logo\/image\/\"}}]}<\/script>\n<!-- \/ Yoast SEO plugin. -->","yoast_head_json":{"title":"Anna Walk - Projecter","description":"\u00dcber 80 Online Marketing Experten arbeiten bei Projecter. Lernen Sie Anna Walk genauer kennen.","robots":{"index":"index","follow":"follow","max-snippet":"max-snippet:-1","max-image-preview":"max-image-preview:large","max-video-preview":"max-video-preview:-1"},"canonical":"https:\/\/www.projecter.de\/agentur\/team\/anna-walk\/","og_locale":"en_US","og_type":"article","og_title":"Anna Walk - Projecter","og_description":"\u00dcber 80 Online Marketing Experten arbeiten bei Projecter. Lernen Sie Anna Walk genauer kennen.","og_url":"https:\/\/www.projecter.de\/agentur\/team\/anna-walk\/","og_site_name":"Projecter","article_modified_time":"2026-02-10T08:14:27+00:00","og_image":[{"width":698,"height":634,"url":"https:\/\/www.projecter.de\/wp-content\/uploads\/2025\/09\/image-18.png","type":"image\/png"}],"twitter_card":"summary_large_image","schema":{"@context":"https:\/\/schema.org","@graph":[{"@type":"WebPage","@id":"https:\/\/www.projecter.de\/agentur\/team\/anna-walk\/","url":"https:\/\/www.projecter.de\/agentur\/team\/anna-walk\/","name":"Anna Walk - Projecter","isPartOf":{"@id":"https:\/\/www.projecter.de\/#website"},"primaryImageOfPage":{"@id":"https:\/\/www.projecter.de\/agentur\/team\/anna-walk\/#primaryimage"},"image":{"@id":"https:\/\/www.projecter.de\/agentur\/team\/anna-walk\/#primaryimage"},"thumbnailUrl":"https:\/\/www.projecter.de\/wp-content\/uploads\/2025\/09\/image-18.png","datePublished":"2025-09-30T07:48:48+00:00","dateModified":"2026-02-10T08:14:27+00:00","description":"\u00dcber 80 Online Marketing Experten arbeiten bei Projecter. Lernen Sie Anna Walk genauer kennen.","breadcrumb":{"@id":"https:\/\/www.projecter.de\/agentur\/team\/anna-walk\/#breadcrumb"},"inLanguage":"en-US","potentialAction":[{"@type":"ReadAction","target":["https:\/\/www.projecter.de\/agentur\/team\/anna-walk\/"]}]},{"@type":"ImageObject","inLanguage":"en-US","@id":"https:\/\/www.projecter.de\/agentur\/team\/anna-walk\/#primaryimage","url":"https:\/\/www.projecter.de\/wp-content\/uploads\/2025\/09\/image-18.png","contentUrl":"https:\/\/www.projecter.de\/wp-content\/uploads\/2025\/09\/image-18.png","width":698,"height":634},{"@type":"BreadcrumbList","@id":"https:\/\/www.projecter.de\/agentur\/team\/anna-walk\/#breadcrumb","itemListElement":[{"@type":"ListItem","position":1,"name":"Startseite","item":"https:\/\/www.projecter.de\/"},{"@type":"ListItem","position":2,"name":"Anna Walk"}]},{"@type":"WebSite","@id":"https:\/\/www.projecter.de\/#website","url":"https:\/\/www.projecter.de\/","name":"Projecter","description":"Online Marketing","publisher":{"@id":"https:\/\/www.projecter.de\/#organization"},"potentialAction":[{"@type":"SearchAction","target":{"@type":"EntryPoint","urlTemplate":"https:\/\/www.projecter.de\/?s={search_term_string}"},"query-input":{"@type":"PropertyValueSpecification","valueRequired":true,"valueName":"search_term_string"}}],"inLanguage":"en-US"},{"@type":"Organization","@id":"https:\/\/www.projecter.de\/#organization","name":"Projecter GmbH","url":"https:\/\/www.projecter.de\/","logo":{"@type":"ImageObject","inLanguage":"en-US","@id":"https:\/\/www.projecter.de\/#\/schema\/logo\/image\/","url":"https:\/\/www.projecter.de\/wp-content\/uploads\/2019\/11\/projecter-logo.svg","contentUrl":"https:\/\/www.projecter.de\/wp-content\/uploads\/2019\/11\/projecter-logo.svg","caption":"Projecter GmbH"},"image":{"@id":"https:\/\/www.projecter.de\/#\/schema\/logo\/image\/"}}]}},"_links":{"self":[{"href":"https:\/\/www.projecter.de\/en\/wp-json\/wp\/v2\/projecter_member\/78642","targetHints":{"allow":["GET"]}}],"collection":[{"href":"https:\/\/www.projecter.de\/en\/wp-json\/wp\/v2\/projecter_member"}],"about":[{"href":"https:\/\/www.projecter.de\/en\/wp-json\/wp\/v2\/types\/projecter_member"}],"wp:featuredmedia":[{"embeddable":true,"href":"https:\/\/www.projecter.de\/en\/wp-json\/wp\/v2\/media\/78646"}],"wp:attachment":[{"href":"https:\/\/www.projecter.de\/en\/wp-json\/wp\/v2\/media?parent=78642"}],"wp:term":[{"taxonomy":"projecter_member_category","embeddable":true,"href":"https:\/\/www.projecter.de\/en\/wp-json\/wp\/v2\/projecter_member_category?post=78642"}],"curies":[{"name":"wp","href":"https:\/\/api.w.org\/{rel}","templated":true}]}}

<div class="wp-block-media-text alignfull has-media-on-the-right is-stacked-on-mobile" style="grid-template-columns:auto 39%"><div class="wp-block-media-text__content">
<h1 class="wp-block-heading is-style-heading-special has-black-color has-text-color">Anna Walk</h1>


<div class="wp-block-projecter-member"><div class="member-position">Praktikantin Social Media</div><ul class="social-icons"></ul></div>


<p> <a href="mailto:anna.walk@projecter.de">anna.walk@projecter.de</a></p>
</div><figure class="wp-block-media-text__media"><img decoding="async" width="370" height="280" src="https://www.projecter.de/wp-content/uploads/2020/08/ph-team-w.png" alt="" class="wp-image-46381 size-full"/></figure></div>



<div class="wp-block-projecter-spacer"></div>



<div class="wp-block-columns is-layout-flex wp-container-core-columns-is-layout-9d6595d7 wp-block-columns-is-layout-flex">
<div class="wp-block-column is-layout-flow wp-block-column-is-layout-flow" style="flex-basis:66.66%">
<p>Anna ist seit September 2025 als Praktikantin im Content &amp; Creative Team bei Projecter an Bord und unterstützt vor allem im Bereich Social Media.</p>



<p>Die Medientechnik-Studentin bringt bereits nützliche Erfahrung mit: Schon während ihres Studiums betreute sie Kund*innen auf Social Media, erstellte Grafiken, schnitt Videos, schrieb Texte und war für Planung, sowie Konzeptentwicklung zuständig. Struktur und Organisation liegen ihr ebenso am Herzen wie der direkte Austausch mit Kolleg*innen und Kund*innen. Am liebsten setzt sie frische Ideen sofort in die Tat um.</p>



<p>In ihrer Freizeit findet man Anna draußen unterwegs mit ihrem ausgebauten Bus „Elke“, beim Sport oder beim Kochen. Musik läuft dabei eigentlich immer. Am meisten genießt sie Quality Time mit ihren Freund*innen, besonders, wenn es auch noch gemeinsam über den Flohmarkt geht.</p>



<p></p>



<p></p>
</div>



<div class="wp-block-column is-layout-flow wp-block-column-is-layout-flow" style="flex-basis:33.33%"></div>
</div>



<p></p>

<p>Anna ist seit September 2025 als Praktikantin im Content &amp; Creative Team bei Projecter an Bord und unterstützt vor allem im Bereich Social Media. Die Medientechnik-Studentin bringt bereits nützliche Erfahrung [&hellip;]</p>

<!-- This site is optimized with the Yoast SEO plugin v26.8 - https://yoast.com/product/yoast-seo-wordpress/ -->
<title>Anna Walk - Projecter</title>
<meta name="description" content="Über 80 Online Marketing Experten arbeiten bei Projecter. Lernen Sie Anna Walk genauer kennen." />
<meta name="robots" content="index, follow, max-snippet:-1, max-image-preview:large, max-video-preview:-1" />
<link rel="canonical" href="https://www.projecter.de/agentur/team/anna-walk/" />
<meta property="og:locale" content="en_US" />
<meta property="og:type" content="article" />
<meta property="og:title" content="Anna Walk - Projecter" />
<meta property="og:description" content="Über 80 Online Marketing Experten arbeiten bei Projecter. Lernen Sie Anna Walk genauer kennen." />
<meta property="og:url" content="https://www.projecter.de/agentur/team/anna-walk/" />
<meta property="og:site_name" content="Projecter" />
<meta property="article:modified_time" content="2026-02-10T08:14:27+00:00" />
<meta property="og:image" content="https://www.projecter.de/wp-content/uploads/2025/09/image-18.png" />
	<meta property="og:image:width" content="698" />
	<meta property="og:image:height" content="634" />
	<meta property="og:image:type" content="image/png" />
<meta name="twitter:card" content="summary_large_image" />
<script type="application/ld+json" class="yoast-schema-graph">{"@context":"https://schema.org","@graph":[{"@type":"WebPage","@id":"https://www.projecter.de/agentur/team/anna-walk/","url":"https://www.projecter.de/agentur/team/anna-walk/","name":"Anna Walk - Projecter","isPartOf":{"@id":"https://www.projecter.de/#website"},"primaryImageOfPage":{"@id":"https://www.projecter.de/agentur/team/anna-walk/#primaryimage"},"image":{"@id":"https://www.projecter.de/agentur/team/anna-walk/#primaryimage"},"thumbnailUrl":"https://www.projecter.de/wp-content/uploads/2025/09/image-18.png","datePublished":"2025-09-30T07:48:48+00:00","dateModified":"2026-02-10T08:14:27+00:00","description":"Über 80 Online Marketing Experten arbeiten bei Projecter. Lernen Sie Anna Walk genauer kennen.","breadcrumb":{"@id":"https://www.projecter.de/agentur/team/anna-walk/#breadcrumb"},"inLanguage":"en-US","potentialAction":[{"@type":"ReadAction","target":["https://www.projecter.de/agentur/team/anna-walk/"]}]},{"@type":"ImageObject","inLanguage":"en-US","@id":"https://www.projecter.de/agentur/team/anna-walk/#primaryimage","url":"https://www.projecter.de/wp-content/uploads/2025/09/image-18.png","contentUrl":"https://www.projecter.de/wp-content/uploads/2025/09/image-18.png","width":698,"height":634},{"@type":"BreadcrumbList","@id":"https://www.projecter.de/agentur/team/anna-walk/#breadcrumb","itemListElement":[{"@type":"ListItem","position":1,"name":"Startseite","item":"https://www.projecter.de/"},{"@type":"ListItem","position":2,"name":"Anna Walk"}]},{"@type":"WebSite","@id":"https://www.projecter.de/#website","url":"https://www.projecter.de/","name":"Projecter","description":"Online Marketing","publisher":{"@id":"https://www.projecter.de/#organization"},"potentialAction":[{"@type":"SearchAction","target":{"@type":"EntryPoint","urlTemplate":"https://www.projecter.de/?s={search_term_string}"},"query-input":{"@type":"PropertyValueSpecification","valueRequired":true,"valueName":"search_term_string"}}],"inLanguage":"en-US"},{"@type":"Organization","@id":"https://www.projecter.de/#organization","name":"Projecter GmbH","url":"https://www.projecter.de/","logo":{"@type":"ImageObject","inLanguage":"en-US","@id":"https://www.projecter.de/#/schema/logo/image/","url":"https://www.projecter.de/wp-content/uploads/2019/11/projecter-logo.svg","contentUrl":"https://www.projecter.de/wp-content/uploads/2019/11/projecter-logo.svg","caption":"Projecter GmbH"},"image":{"@id":"https://www.projecter.de/#/schema/logo/image/"}}]}</script>
<!-- / Yoast SEO plugin. -->

Über 80 Online Marketing Experten arbeiten bei Projecter. Lernen Sie Anna Walk genauer kennen.
